 791 and 226.
113
Calculate the highest common factor of 99 and 477.
9
Calculate the highest common divisor of 336 and 1792.
112
What is the greatest common divisor of 13 and 54873?
13
What is the greatest common divisor of 9 and 1224?
9
Calculate the greatest common factor of 11 and 3091.
11
What is the highest common factor of 86 and 2666?
86
What is the highest common factor of 60 and 75?
15
Calculate the greatest common factor of 511 and 73.
73
What is the highest common divisor of 208 and 128?
16
Calculate the greatest common factor of 299 and 26.
13
Calculate the greatest common divisor of 608 and 19.
19
What is the greatest common divisor of 2265 and 30?
15
What is the highest common factor of 19 and 152?
19
What is the greatest common factor of 126 and 7866?
18
Calculate the greatest common divisor of 39 and 2314.
13
What is the highest common divisor of 385 and 245?
35
Calculate the highest common divisor of 106 and 8427.
53
Calculate the highest common factor of 10 and 1050.
10
What is the greatest common divisor of 4900 and 200?
100
Calculate the highest common divisor of 28 and 148.
4
What is the greatest common divisor of 40 and 520?
40
What is the highest common factor of 40 and 96?
8
Calculate the highest common divisor of 117 and 288.
9
Calculate the greatest common factor of 437 and 1007.
19
What is the highest common divisor of 26 and 832?
26
What is the greatest common factor of 1843 and 194?
97
Calculate the highest common divisor of 37 and 33226.
37
Calculate the greatest common factor of 28 and 14.
14
Calculate the highest common factor of 273 and 399.
21
Calculate the greatest common divisor of 736 and 414.
46
Calculate the greatest common divisor of 9912 and 168.
168
Calculate the greatest common divisor of 14 and 54.
2
What is the highest common divisor of 12 and 708?
12
What is the highest common divisor of 649 and 177?
59
Calculate the highest common factor of 702 and 156.
78
What is the greatest common factor of 132 and 12?
12
What is the greatest common divisor of 111 and 888?
111
What is the greatest common divisor of 377 and 261?
29
Calculate the greatest common factor of 70 and 1080.
10
Calculate the greatest common factor of 106 and 477.
53
What is the greatest common divisor of 697 and 34?
17
Calculate the highest common divisor of 1558 and 82.
82
What is the highest common factor of 114 and 266?
38
Calculate the highest common factor of 5 and 25.
5
Calculate the highest common divisor of 3560 and 40.
40
What is the greatest common divisor of 1056 and 66?
66
Calculate the greatest common divisor of 516 and 215.
43
Calculate the highest common divisor of 75 and 13575.
75
What is the greatest common divisor of 168 and 216?
24
What is the greatest common divisor of 20 and 45?
5
What is the highest common factor of 237 and 3?
3
What is the greatest common factor of 5 and 2155?
5
What is the highest common divisor of 325 and 455?
65
Calculate the highest common factor of 231 and 1353.
33
Calculate the highest common factor of 500 and 5900.
100
What is the greatest common factor of 3 and 249?
3
What is the greatest common divisor of 12 and 126?
6
Calculate the greatest common factor of 84 and 210.
42
What is the highest common divisor of 1135 and 20?
5
Calculate the highest common factor of 1980 and 3190.
110
What is the greatest common factor of 57 and 138?
3
Calculate the highest common divisor of 47 and 1457.
47
Calculate the highest common divisor of 10974 and 177.
177
What is the greatest common divisor of 845 and 5135?
65
Calculate the highest common factor of 3537 and 27.
27
Calculate the greatest common divisor of 247 and 260.
13
What is the highest common divisor of 52 and 4?
4
What is the greatest common divisor of 1914 and 264?
66
Calculate the greatest common divisor of 14 and 112.
14
Calculate the highest common divisor of 8 and 512.
8
Calculate the highest common divisor of 402 and 50.
2
Calculate the highest common factor of 177 and 826.
59
Calculate the greatest common divisor of 28 and 63.
7
What is the greatest common divisor of 126 and 12?
6
Calculate the highest common factor of 252 and 2247.
21
Calculate the greatest common factor of 120 and 192.
24
Calculate the highest common factor of 551 and 57.
19
What is the greatest common factor of 144 and 108?
36
Calculate the greatest common divisor of 8424 and 117.
117
What is the greatest common divisor of 100 and 60?
20
What is the greatest common divisor of 4431 and 63?
21
Calculate the greatest common factor of 39 and 2561.
13
What is the greatest common factor of 106 and 477?
53
What is the greatest common divisor of 399 and 21?
21
Calculate the highest common factor of 6939 and 36.
9
What is the greatest common divisor of 15366 and 78?
78
What is the greatest common factor of 550 and 20?
10
Calculate the greatest common divisor of 22 and 3058.
22
What is the greatest common factor of 191 and 43357?
191
Calculate the greatest common factor of 32 and 2348.
4
What is the highest common factor of 355 and 10?
5
What is the greatest common divisor of 517 and 94?
47
Calculate the highest common divisor of 2 and 26.
2
Calculate the greatest common factor of 120 and 3660.
60
Calculate the greatest common divisor of 396 and 8118.
198
What is the highest common divisor of 46657 and 194?
97
What is the highest common factor of 1498 and 214?
214
Calculate the highest common divisor of 85 and 1105.
85
What is the greatest common factor of 6 and 1050?
6
What is the highest common divisor of 6216 and 189?
21
What is the greatest common divisor of 4864 and 76?
76
Calculate the highest common divisor of 147 and 49.
49
What is the highest common factor of 46 and 4?
2
What is the greatest common factor of 4 and 53?
1
Calculate the highest common divisor of 12 and 2172.
12
Calculate the greatest common divisor of 513 and 931.
19
Calculate the greatest common divisor of 93 and 124.
31
Calculate the highest common divisor of 41 and 1.
1
Calculate the greatest common factor of 10775 and 5.
5
What is the greatest common factor of 486 and 774?
18
Calculate the highest common factor of 15 and 67215.
15
Calculate the highest common divisor of 55 and 77.
11
Calculate the highest common divisor of 2948 and 44.
44
What is the greatest common factor of 87 and 377?
29
What is the greatest common factor of 33 and 15?
3
What is the greatest common factor of 3 and 444?
3
What is the highest common factor of 48 and 256?
16
What is the highest common divisor of 1 and 32?
1
What is the greatest common divisor of 84 and 48?
12
What is the highest common divisor of 528 and 198?
66
What is the greatest common factor of 19 and 1121?
19
What is the highest common divisor of 1703 and 715?
13
Calculate the highest common divisor of 30 and 41715.
15
What is the highest common divisor of 33 and 24?
3
Calculate the highest common factor of 1872 and 256.
16
What is the highest common factor of 120 and 48?
24
What is the greatest common divisor of 48870 and 135?
135
Calculate the greatest common divisor of 4 and 54.
2
What is the greatest common divisor of 3 and 723?
3
What is the highest common divisor of 377 and 13?
13
Calculate the greatest common divisor of 66 and 10.
2
What is the highest common divisor of 67633 and 94?
47
Calculate the greatest common divisor of 28 and 196.
28
What is the greatest common factor of 1323 and 49?
49
Calculate the greatest common divisor of 324 and 4428.
108
What is the highest common factor of 6 and 2424?
6
Calculate the greatest common factor of 48 and 9968.
16
Calculate the highest common factor of 2528 and 237.
79
Calculate the highest common divisor of 756 and 728.
28
What is the greatest common factor of 170 and 14518?
34
Calculate the highest common divisor of 2565 and 57.
57
Calculate the greatest common factor of 430 and 5.
5
What is the highest common divisor of 7616 and 340?
68
What is the greatest common divisor of 28 and 14?
14
Calculate the highest common factor of 99 and 1617.
33
What is the greatest common divisor of 1008 and 189?
63
What is the greatest common factor of 85 and 15?
5
Calculate the greatest common divisor of 1326 and 1547.
221
Calculate the highest common factor of 660 and 8.
4
What is the highest common factor of 26 and 78